 the first derivative of -f**3/3 - 10*f**2 - 82*f - 1912. What is h(-13)?
9
Let f(a) = -a**3 - 5*a**2 + a - 23. Let d be f(-6). Let l(z) = -z**2 + 28*z - 138. Let h be l(d). Let k(m) = -m + 10. What is k(h)?
1
Suppose 48 + 18 = 22*p. Let k(v) = v**2 - 3*v. Let y be k(4). Let j(c) = -10 + c - p*c + y + 2. What is j(4)?
-12
Let v(l) = -l**2 + 16*l + 3. Let g = 61 + -45. Let i be v(g). Let m(r) = 3*r - 17 + 2*r**3 - 3*r**i - 3*r**2 + 21 + 0*r**3. Determine m(-3).
-5
Suppose 3*l = -c + 4*c + 51, 2*c - 8 = -l. Let j(y) = -3*y**2 + l*y + 4 - 5*y**3 - 12*y**2 + 3*y**3 + 3*y**3. Give j(14).
4
Let t(u) = -5*u**3 - 5*u**2 + 321*u - 126. Let a(l) = l**3 + l**2 - 59*l + 25. Let j(g) = 11*a(g) + 2*t(g). Calculate j(0).
23
Let t(r) = r**3 + 8*r**2 - 11*r - 17. Suppose 64*h - 24*h = 31*h. Suppose h = 7*j - 11*j - 36. Give t(j).
1
Let z(s) = -2*s**2 + 5*s**2 - 1048 + 545 + 504. Calculate z(1).
4
Let s(q) = q**2 - 6*q + 7. Let y = 3226 - 3221. What is s(y)?
2
Let l(f) be the first derivative of -2*f**3/3 + 11*f**2/2 + 1318. Calculate l(5).
5
Let b(r) be the third derivative of -47*r**6/120 - r**5/60 + r**4/24 + r**3/6 + 293*r**2 + 2. Determine b(-1).
46
Let o be 4*3/(-6)*-106. Let s(h) = -o*h**3 + 213*h**3 + 2 + 2*h**2 + 0*h**2 + 0*h**2. Suppose 0 = -7*m - 6*m - 26. Give s(m).
2
Let s be (7 + -2)*2*-10. Let t = s + 94. Let d(i) = 4*i - 11. Let j(f) = -3*f + 10. Let g(r) = -4*d(r) - 5*j(r). Determine g(t).
0
Suppose -2*c - 4*r - 120 = 0, 3 = 2*r - 3*r. Let p = c + 53. Let t(y) = 24*y**2 - 2*y - 1. Calculate t(p).
25
Let v(y) = -y**2 - 3*y. Let p(j) = -4*j**3 + 4*j - 3. Let m be p(1). Let n be (48/(-2) - 0)*m/2. Let i = n - 41. What is v(i)?
-10
Let p = 19269 - 19271. Let r(t) = -4*t**3 + t**2 + 8*t + 5. What is r(p)?
25
Let d(z) = -1608*z**2 + 3218*z**2 + 12 + 8*z - 3 - 1601*z**2 + 5 + 2*z**3. What is d(-4)?
-2
Suppose -22*x + 18 = -3*x - 20. Let o(u) = -2 - 9*u + u + u. Calculate o(x).
-16
Let v(q) be the third derivative of 2*q**5/15 - 35*q**4/12 - 3*q**3/2 - 324*q**2 - q - 2. Calculate v(9).
9
Let n(s) = 2*s**2 - 3*s + 9. Let i = 34 - 23. Let u = i + -6. Let j(v) = 3*v**2 - 4*v + 14. Let g(w) = u*j(w) - 8*n(w). Determine g(2).
2
Let z(c) be the third derivative of -c**5/120 - 7*c**3/2 - 15*c**2 - 1. Let g(t) be the first derivative of z(t). What is g(0)?
0
Let k(c) = -3*c + 5. Let f(h) = -6*h - 138. Let v(m) = -2*m - 48. Let p be v(-12). Let l be f(p). Calculate k(l).
-13
Let t(f) = 2*f - 60. Let x be (-3193)/(-103) - (2 + -2). Calculate t(x).
2
Suppose 5*k = 5*p + 25, 2*k + 600*p - 605*p = -2. Let y(r) = r**3 - 11*r**2 + 13*r + 44. What is y(k)?
-1
Let h(g) = 4*g**2 + 9*g - 5. Let q(t) = -9*t**2 - 19*t + 9. Let z(j) = -7*h(j) - 3*q(j). Let x be -3 - (-28 + 29)*(-8)/(1 + -3). Give z(x).
1
Let k = -205 - -207. Let j(a) = -94*a - 5*a**k - 18 + 80*a + 4*a**2 + 2. What is j(-11)?
17
Let z be 10 + -7 - 6*-1. Let a(n) = 1 + 30*n - z*n + 2*n**2 + 4*n**3 - 23*n. Determine a(1).
5
Let o(k) = -k + 10. Let f(p) = 9*p + 420. Let x be f(-47). Let i(l) = l - 9. Let c = 2 - 6. Let t(m) = c*i(m) + x*o(m). Calculate t(-5).
11
Let c = 380 + -421. Let i = 26 + 18. Let q = c + i. Let x(z) = -z**2 + 3*z + 4. What is x(q)?
4
Let a(y) = -3*y - 1. Let z(h) = 0*h - 3*h - 1 + h. Suppose -60 = 5*d - 45. Let i(m) = d*z(m) + 4*a(m). Determine i(-2).
11
Let y be (-5 + 0 + -4)*3/27. Let q(p) = -p - 2. Calculate q(y).
-1
Let c(f) = -f**2 - 22. Suppose 0*s = -5*s + 5, 2*s = -13*h + 2. Determine c(h).
-22
Let m(u) = -u**3 + 7*u**2 - 13*u + 26. Let l be m(6). Let o be -3 - (-17 + l/(-4)). Let c be 14/(-5) + 3 - 22/o. Let r(p) = 2*p - 1. Determine r(c).
-5
Let i(w) = w**2 - 5*w - 13. Let f be 6/10 - (-4)/(80/188). Let x be f - (-1)/((-6)/18). What is i(x)?
1
Let p(l) = -l**2 + 2*l + 14. Suppose -12 = -3*r + 2*k, 57*r + 5*k = 57*r. Calculate p(r).
6
Suppose 3*d = b - 6*b - 14, -b - d = 2. Let s(m) = m**2 + 10*m + 6. Calculate s(b).
-18
Let l(n) be the first derivative of -n**6/24 + n**5/60 - n**3/6 - 5*n**2 + 104. Let j(v) be the second derivative of l(v). Determine j(1).
-5
Let v(f) = -4*f + 1. Let h = -247 - -383. Let m be (306/h)/((-3)/4). What is v(m)?
13
Let q(u) = -4*u**2 + 7*u - 2. Let m(c) be the first derivative of 7*c**3 - 17*c**2 + 10*c - 78. Let x(p) = 2*m(p) + 11*q(p). Calculate x(6).
-20
Suppose -c = b - 3 - 7, 20 = 4*c - b. Suppose -v = 55 - 63. Let w(f) = 0 + 15*f**2 - 36*f**2 + v*f - 6 + 20*f**2. What is w(c)?
6
Let f(y) = -y - 19. Let q = 545 - 483. Suppose q = t + 70. Calculate f(t).
-11
Let x(c) = -2*c**3 - 3*c**2 + 4*c + 7. Let g be 52/(-4) + 9 + 13 + -12. Calculate x(g).
22
Let z(x) = 4*x + 135. Let k(t) = 23*t + 758. Let j(q) = -6*k(q) + 34*z(q). Suppose c = -2*m + 38, m + m - 4*c = 38. Give j(m).
4
Let l(q) = q**3 - q**2 - 3*q - 2. Let h(o) = -2*o**2 - 20*o - 12. Let r be h(-9). Suppose 8*t + 18 = -r. What is l(t)?
-29
Let d(t) = -36*t**2 - 30*t - 3*t - 14*t**2 - 235 + t**3 + 10*t**2 + 2*t**2. Calculate d(39).
-1
Let n(k) = 3*k + 17. Let h(w) = w**3 - 30*w**2 + 209*w + 12. Let z be h(19). What is n(z)?
53
Let t(f) be the third derivative of -f**4/24 - 2*f**3 - 22*f**2 + 35*f. Determine t(-6).
-6
Let n = -1351 - -1373. Suppose -20 = -5*c + 5*r, -51*c - 5*r + n = -49*c. Let o(b) = -9*b - 5*b**2 + b**3 - 5 + 5 + 6. Determine o(c).
-12
Let y(j) be the third derivative of j**6/40 + j**5/3 - j**4/6 + 9*j**3/2 - 9*j**2. Let g be y(-7). Let z(h) = 3*h - 13. Calculate z(g).
5
Let i(u) = 4*u - 5*u**3 + u**3 + 1 + 7*u**3 - u**2 + 2*u**2 - 6*u. Determine i(-3).
-65
Let r(d) be the second derivative of 5*d**3/6 + 11*d**2/2 + 8*d - 98. What is r(-12)?
-49
Let k(m) = 36*m + 413. Let c be k(-11). Let z(p) be the first derivative of 4*p - 5/3*p**3 + 1/4*p**4 - 1/2*p**2 + c. Give z(5).
-1
Let b(f) = -5*f**3 - 2*f**2 + 11*f + 9. Let d(p) = p**3 + 2*p**2 - 3*p - 2. Let z(o) = b(o) + 4*d(o). Calculate z(-3).
85
Let r = 119 + 176. Suppose 0 = -22*g + 17*g + r. Suppose -6*d - 47 = -g. Let w(o) = o**3 - 2*o**2 + 2*o - 2. Determine w(d).
2
Let g(f) = -14*f - 45. Let b be g(-4). Let a(q) = 15*q**2 + b*q**2 + 6 + 10*q - 25*q**2. What is a(-11)?
17
Let p(g) = -42*g. Suppose -7*h = c + 11, -25*h + 24*h + 4*c = -15. Give p(h).
42
Let v(s) = -12*s - 55. Let m(o) = 19. Let f(x) = 6*m(x) + v(x). What is f(5)?
-1
Let h(x) be the third derivative of -3*x**4/8 - 34*x**3/3 + 1049*x**2. Determine h(-8).
4
Let k(j) = j**3 + 9*j**2 + 3. Let u = -2 + 1. Let t = 124 + -123. Let b be (u/t)/(1*2/18). What is k(b)?
3
Suppose 10*u - 15*u - 65 = 5*f, -4*f + u = 22. Let j(x) = x**2 + 10*x + 25. Determine j(f).
4
Let o(d) = -d**3 + 4*d**2 + 4*d - 3. Let g be o(5). Let y(u) be the first derivative of -u**3/3 - 9*u**2/2 - 12*u + 4738. Calculate y(g).
-4
Let m(b) = b**3 + 5*b**2 + 5*b + 14. Let q(k) = 6*k**3 + 27*k**2 + 26*k + 69. Let i(p) = -11*m(p) + 2*q(p). Let o be i(3). Let s(y) = 3*y + 9. What is s(o)?
-12
Let b(h) = 1130*h + 4513. Let i be b(-4). Let j(z) be the third derivative of -z**4/24 - 7*z**3/6 + z**2. Determine j(i).
0
Suppose -50 = -5*d + 20. Let y be 833/(-91) - d/(-91). Let i(b) = -b**3 - 10*b**2 - 11*b - 16. Calculate i(y).
2
Let a(u) = -u**3 + 6*u**2 - u + 2. Let c be -21 + 22 - (83 + -1). Let r be c/3*16/(-6). Let o = r + -66. What is a(o)?
-4
Let p(d) = -d**3 - 11*d**2 - 10*d + 3. Let c(o) = o**3 + 12*o**2 + 11*o - 2. Let z(t) = 4*c(t) + 5*p(t). Suppose 0 = -3*k - 9 - 6. Determine z(k).
-13
Let y(h) = -217*h + 9 - 22*h**2 + h**3 + 429*h + 36*h**2 - 230*h. Determine y(-15).
54
Let x(j) = -j**3 + 6*j**2 + 12*j - 17. Let l = 24743 + -24736. Calculate x(l).
18
Suppose 0 = 10*y + 59*y + 2829. Let o(t) = -2*t**2 - 85*t - 112. Determine o(y).
11
Suppose 0 = 3*s - 0 - 6. Suppose 0*f + 4*f + 8 = 0, 4*p + 32 = s*f. Let z be -1 - (p + (3 - 1)). Let m(h) = -h**2 + 5*h. Give m(z).
-6
Let k = 119105/12 + -9925. Let c(v) be the second derivative of k*v**4 - 1/2*v**2 + 0 + 22*v + 1/3*v**3. Calculate c(1).
6
Let d(h) = h**3 + 3*h**2 - 21*h - 11. Let l(j) = j**3 - 16*j**2 + 63*j - 6. Let b be l(7). Calculate d(b).
7
Let f(d) = -7*d**2 + 6*d + 15. Let m(n) = 14*n**2 - 7. Let g(c) = 16*c**2 - 8. Let x(v) = 6*g(v) - 7*m(v). Let s(y) = f(y) - 3*x(y). Calculate s(7).
5
Let f(o) = 18*o**2 - 18*o - 34 + 74 - 40 - 20*o**2. What is f(-9)?
0
Let g be (-56)/112 - 107/2. Let a be (4/(-6))/(222/g - -4). Let s(k) = 3*k - 2*k +